*d**3 + 41*d**2 + 21*d - 14. What is q(3)?
-41
Let b(c) = c**3 - 2*c**2 - 6367*c + 12726. Calculate b(2).
-8
Let o(w) = w**3 - 8*w**2 + 7*w - 150. What is o(12)?
510
Let u(a) = 127*a**2 + 1743*a - 486. Calculate u(-14).
4
Let g(c) = 4935*c + 9874. Determine g(-2).
4
Let w(l) = -l**3 - 8*l**2 + 92*l - 81. Give w(4).
95
Let s(f) = 1654*f + 1951719. Give s(-1180).
-1
Let y(v) = -v**3 + 1560*v**2 - 480951*v - 3. What is y(1137)?
-3
Let l(n) = 30*n**2 + 2145*n + 6409. Give l(-3).
244
Let r(k) = -k**3 + 19*k**2 + 78*k - 1012. Calculate r(21).
-256
Let v(d) = -d**3 + 1005*d**2 + 70691*d + 327. Give v(-66).
-3
Let i(o) = -12747*o + 165715. What is i(13)?
4
Let c(r) = r**3 + 49*r**2 - 1273*r - 9974. What is c(-66)?
-8
Let o(y) = -y**3 - 91*y**2 + 462*y - 1757. Calculate o(-96).
-29
Let h(y) = 235577*y + 1648988. What is h(-7)?
-51
Let l(g) = 2*g**3 + g**2 - 49*g - 17. Determine l(5).
13
Let x(g) = g**2 + 118*g - 22790. Give x(103).
-27
Let p(i) = -40330*i + 766276. Determine p(19).
6
Let c(v) = 6*v**3 + 74*v**2 - 4*v - 251. Calculate c(-12).
85
Let s(n) = -528*n**2 - 511*n + 9. Give s(-1).
-8
Let v(i) = -577*i + 179434. Calculate v(311).
-13
Let y(g) = -5*g**2 + 1181*g - 9467. Determine y(8).
-339
Let s(o) = 348*o + 86293. What is s(-248)?
-11
Let v(c) = 219*c - 2226. Give v(15).
1059
Let b(k) = -k**3 - 24*k**2 + 3277*k + 88571. Give b(-28).
-49
Let i(z) = -1898*z + 5216. Determine i(3).
-478
Let x(w) = 8227*w - 16451. What is x(2)?
3
Let w(l) = -98353*l + 885188. Calculate w(9).
11
Let m(h) = h**3 + 14*h**2 - 226*h - 1927. Calculate m(-7).
-2
Let n(p) = -2*p**2 + 207*p - 5753. What is n(50)?
-403
Let i(f) = -6*f**2 - 3*f + 61. Calculate i(3).
-2
Let d(u) = 16481*u + 362741. What is d(-22)?
159
Let u(y) = -y**3 + 10*y**2 + 133*y - 28. Calculate u(9).
1250
Let n(v) = 40*v**2 + 740*v - 252. What is n(-19)?
128
Let g(v) = 74570*v - 745687. What is g(10)?
13
Let m(w) = 2291007*w - 2291004. Determine m(1).
3
Let s(k) = 2*k**3 + 20*k**2 + 51*k + 1187. Give s(-12).
-1
Let m(n) = 35248*n + 176192. Determine m(-5).
-48
Let i(u) = u**3 + 3*u**2 - 2953*u - 5. What is i(0)?
-5
Let n(r) = 3*r**3 + 20*r**2 - 59*r - 353. Determine n(-7).
11
Let r(z) = -2194*z - 7056. Calculate r(-3).
-474
Let x(a) = 27355*a - 465270. What is x(17)?
-235
Let y(d) = d**2 - 2349*d - 4699. Determine y(-2).
3
Let p(h) = h**2 - 83*h + 1463. Calculate p(30).
-127
Let f(r) = 594*r - 162303. What is f(275)?
1047
Let l(i) = 953*i**3 - 2*i**2 + 115*i - 114. Calculate l(1).
952
Let j(w) = -147*w**2 - 40864*w + 605. Determine j(-278).
49
Let f(q) = -715538*q - 13595215. Give f(-19).
7
Let k(d) = 2795*d + 109314. What is k(-39)?
309
Let t(c) = -4*c**2 - 14542*c - 87258. Calculate t(-6).
-150
Let w(v) = 147315*v + 3240944. Give w(-22).
14
Let t(n) = -5124*n + 1173385. Calculate t(229).
-11
Let z(y) = -7*y**3 + 3031*y**2 + 1945*y - 842189. Calculate z(433).
-4
Let d(f) = 224113*f + 2465247. Calculate d(-11).
4
Let p(r) = r**3 - 31*r**2 + 62*r - 2968. Calculate p(32).
40
Let s(d) = 7915*d + 31666. Calculate s(-4).
6
Let h(a) = -a**3 + 79*a**2 + 14186*a + 623. Give h(165).
-37
Let c(v) = -12956*v + 362770. Calculate c(28).
2
Let x(o) = 332*o - 87984. What is x(265)?
-4
Let k(p) = -p**3 + 9*p**2 + 171*p - 1650. What is k(10)?
-40
Let p(h) = -h**3 + 80*h**2 - 768*h + 153. Determine p(69).
-468
Let k(j) = -730*j + 394215. Determine k(540).
15
Let n(w) = -w**3 + 10*w**2 + 24*w - 24. Give n(12).
-24
Let c(y) = 466*y + 159039. Determine c(-341).
133
Let l(b) = 116816*b - 5139898. Determine l(44).
6
Let v(d) = d**3 + 81*d**2 - 1557*d - 434. What is v(-97)?
51
Let h(z) = 90*z - 897. Calculate h(10).
3
Let i(r) = -2*r**3 - 364*r**2 - 266*r + 17330. Calculate i(-181).
-46
Let w(j) = 28*j**2 + 745*j + 4054. Give w(-19).
7
Let w(y) = 569849*y - 2849248. Calculate w(5).
-3
Let t(u) = 188*u**2 + 50382*u - 461. Determine t(-268).
75
Let v(o) = -o**2 - 512*o - 36810. What is v(-83)?
-1203
Let y(w) = -342965*w - 3429604. Give y(-10).
46
Let n(a) = -157*a**2 - 228*a - 54. Determine n(-1).
17
Let b(f) = 3*f**2 + 71*f + 646. What is b(-11)?
228
Let l(u) = -23*u**3 + 61*u**2 + 29*u - 110. Calculate l(4).
-490
Let g(k) = 919*k + 9987. Determine g(-10).
797
Let l(m) = -14*m**2 - 104*m - 82. Calculate l(-7).
-40
Let n(f) = 1069*f + 4402. Give n(-4).
126
Let w(p) = 2*p**3 - 41*p**2 + 264*p - 2477. Give w(17).
-12
Let t(n) = -69*n**2 - 2604*n + 945. Determine t(-38).
261
Let b(p) = p**3 - 31*p**2 + 129*p - 743. What is b(27)?
-176
Let i(b) = -2*b**3 - 68*b**2 - 77*b - 379. Give i(-33).
-16
Let w(z) = -z**3 + 91*z**2 - 1178*z - 13614. What is w(72)?
66
Let y(m) = m**3 - 228*m**2 + 861*m - 41808. What is y(225)?
42
Let j(d) = -4566*d - 360762. What is j(-79)?
-48
Let a(q) = -1875*q - 127320. Calculate a(-68).
180
Let s(y) = -y**2 + 578*y - 21444. What is s(40)?
76
Let d(s) = -47*s**3 + 3*s**2 + 6*s - 11. Calculate d(-2).
365
Let c(p) = -558*p**2 - 1529*p + 3039. Calculate c(2).
-2251
Let z(t) = -46*t**2 + 71*t + 100. Calculate z(-1).
-17
Let t(i) = -3407*i**2 + 180573*i - 103. What is t(53)?
3
Let q(c) = -5133*c - 5316. Determine q(-1).
-183
Let l(p) = -18*p**2 - 169*p - 30. Give l(-9).
33
Let s(k) = k**3 - 47*k**2 - 204*k + 2901. Determine s(50).
201
Let z(w) = 11186*w - 402768. What is z(36)?
-72
Let x(p) = -2229*p + 131510. What is x(59)?
-1
Let z(c) = -3*c**2 + 361*c + 4800. Determine z(-14).
-842
Let r(m) = -258*m + 5004. Calculate r(21).
-414
Let x(d) = -2*d**3 + 173*d**2 + 25*d - 9577. Calculate x(86).
-31
Let l(c) = 3*c**3 - 45*c**2 + 43*c + 53. Give l(15).
698
Let u(b) = b**3 - 221*b**2 + 7517*b + 55. Determine u(179).
-124
Let u(d) = 25*d**2 - 501*d + 119. What is u(20)?
99
Let d(o) = -6838*o - 164133. What is d(-24)?
-21
Let u(b) = 11*b**3 - 92*b**2 - 55*b + 78. Calculate u(9).
150
Let k(m) = -2911*m + 273617. Determine k(94).
-17
Let i(h) = 7*h**3 + 7*h**2 - 425*h - 2122. Give i(-5).
-697
Let r(x) = -x**2 + 789*x + 101925. Calculate r(-113).
-1
Let i(p) = 6*p**2 + 235*p - 16128. Determine i(-75).
-3
Let o(a) = 2*a**2 - 581*a + 5731. Give o(10).
121
Let w(v) = -5*v**2 + 116*v + 200. Give w(25).
-25
Let s(k) = -2*k**2 + 87463*k + 1312424. Calculate s(-15).
29
Let j(k) = -k**3 + 4*k**2 + 917*k - 9253. Give j(11).
-13
Let b(l) = -2*l**2 + 5876*l - 157257. What is b(27)?
-63
Let g(t) = 18*t**2 - 3140*t - 11388. Give g(178).
4
Let s(k) = -2*k**2 - 10085*k + 50459. What is s(5)?
-16
Let d(i) = -288*i**3 + 13*i**2 + 22*i - 35. Determine d(1).
-288
Let n(y) = -1556*y**2 - 7715*y + 294. Determine n(-5).
-31
Let g(s) = 926529*s + 5559170. Calculate g(-6).
-4
Let d(k) = -1046*k**2 + 8383*k - 122. Give d(8).
-2
Let a(u) = 2*u**2 - 4942*u + 44370. Calculate a(9).
54
Let t(p) = 41097*p + 26548672. What is t(-646)?
10
Let r(n) = -n**3 + 360*n**2 - 1054*n - 6067. Calculate r(357).
2
Let h(b) = 3814*b - 7584. Calculate h(2).
44
Let c(g) = 1431*g - 173115. Determine c(121).
36
Let h(g) = 22*g - 2118. Give h(41).
-1216
Let f(i) = i**2 - 74232*i - 593913. Determine f(-8).
7
Let o(x) = -2*x**3 - 22*x**2 + 22*x + 267. What is o(-15)?
1737
Let i(c) = 203*c + 34215. What is i(-171)?
-498
Let q(k) = -72964*k - 292016. Determine q(-4).
-160
Let h(m) = 137*m**3 + 408*m**2 + 5*m - 4. Determine h(-3).
-46
Let a(u) = -9*u**3 + 313*u**2 + 52582*u - 2. Give a(-61).
-2
Let q(y) = -14*y**3 + 332*y**2 + 29*y + 698. Calculate q(24).
-910
Let r(x) = -x**3 + 22*x**2 - 35*x + 765. Calculate r(13).
1831
Let o(k) = k**3 - 18*k**2 + 274*k - 2929. Give o(12).
-505
Let a(f) = -134*f + 6124. Give a(46).
-40
Let o(g) = -102*g**2 + 442*g + 907. Give o(6).
-113
Let q(t) = -t**3 + 16*t**2 + 132*t - 2073. Calculate q(16).
39
Let s(c) = -c**2 + 17861*c + 554100. Determine s(-31).
-552
Let w(k) = k**3 + 5*k**2 + 48*k + 324. Determine w(-7).
-110
Let q(s) = -188*s + 2419. What is q(20)?
-1341
Let b(h) = 13987*h - 14315. What is b(1)?
-328
Let n(g) = -g**3 + 12*g**2 - 136*g + 838. Determine n(9).
-143
Let r(b) = -30800*b + 2525596. What is r(82)?
-4
Let f(r) = 2554*r + 12744. Determine f(-5).
-26
Let x(h) = 236*h - 22321. Give x(97).
571
Let v(k) = -2*k**3 - 20*k**2 - 27*k - 22. Determine v(-7).
-127
Let g(o) = -31147*o + 186548. Determine g(6).
-334
Let u(j) = -10*j**2 + 82*j - 248. Calculate u(5).
-88
Let u(t) = -t**2 - 1399*t - 488608. Calculate u(-674).
42
Let d